the prime factors of t.
13
What are the prime factors of ((-11)/(-77))/(8/(-563164))*-2?
20113
Let v = -188 + 183. List the prime factors of ((-12)/(-16))/(v + 12603/2520).
2, 3, 5, 7
What are the prime factors of 6732 + (6 - (-6 + 0))?
2, 3, 281
Let t be 3*(-3)/12*(-1 + -3). Suppose -5*o = -3*u + 72, t + 21 = u + 4*o. What are the prime factors of u?
2, 3
Let k(x) = x**2 - 5*x - 378. List the prime factors of k(23).
2, 3
Suppose -53*f + 58*f = 105. Suppose f = 3*s - 2*s. What are the prime factors of (s/28)/(((-3)/(-28))/3)?
3, 7
Let u = -1722 + 1033. Let q = -462 - u. List the prime factors of q.
227
Let y(l) = 5*l**2 + 2*l. Let v be y(0). Suppose -10*q + 8*q + 168 = v. List the prime factors of q.
2, 3, 7
Let i = 391 + 106. List the prime factors of i.
7, 71
Let j(w) = -w**2 + 113 - 64*w**3 + 133*w**3 + w**2 - 68*w**3 - 2*w. Let t = 0 + 0. List the prime factors of j(t).
113
Let r(i) = -i**2 - i + 6. Let d be r(0). Suppose 0 = -27*k + 4281 - 933. List the prime factors of ((-15)/(-10))/(d/k).
31
Let f = -525 - -909. Suppose 2*k = 5*k - f. Suppose -32*q + k = -28*q. What are the prime factors of q?
2
Let o = 40 - -320. Let u = o + -32. What are the prime factors of u?
2, 41
List the prime factors of (-218768)/(-52) + (-12)/156.
7, 601
Let y = -799 + 392. Let i = 849 + y. List the prime factors of i.
2, 13, 17
Let p = 85 + -85. Suppose 0 = -4*n - 8, p = 3*y - 6*n + 2*n - 23. Suppose -5*t + 2*d + 733 = y*d, t = -4*d + 150. List the prime factors of t.
2, 73
Let p = -5326 + 7395. List the prime factors of p.
2069
Suppose 2 = 3*m - 244. Suppose -m*q + 83*q - 53 = 0. Let u = q + -1. What are the prime factors of u?
2, 13
Suppose -5*t + 3*o - 38 = 0, 7*t - 4*o = 2*t - 34. List the prime factors of 1650*2*t/(-20).
2, 3, 5, 11
Suppose 79634 = 5*q - 2*t, 80*q - t = 89*q - 143309. List the prime factors of q.
2, 3, 1327
Let s(n) = 7820*n**2 - 11*n - 16. What are the prime factors of s(-1)?
3, 5, 521
Let q(k) = 65*k + 75. Let j be q(13). Let f = j - 594. What are the prime factors of f?
2, 163
Suppose -4*a + 3*v = -221887, -58613 + 3148 = -a + 3*v. List the prime factors of a.
2, 27737
Let s = 3531 - 1566. List the prime factors of s.
3, 5, 131
What are the prime factors of 11051 - (22/14 - 1 - 814/518)?
2, 3, 307
List the prime factors of ((-9)/(-27))/(6/167760).
2, 5, 233
Let n(h) = -10*h + 37. Let o(j) = 11*j - 38. Let z(d) = 5*n(d) + 4*o(d). Let l be z(6). Let q = l - -15. What are the prime factors of q?
2, 3
Suppose 3*m = 5*h - 196288, -19*m + 23*m + 117775 = 3*h. List the prime factors of h.
37, 1061
Suppose -5*n - 46394 = -z, -5*z + 6*n - 4*n = -231786. List the prime factors of z.
2, 7, 11, 43
Let s be 14/49*(-2429)/(-2). Suppose 2*u = -3*x + 130, -5*u + s = -6*x + 8*x. List the prime factors of u.
71
Let i = 27 + -31. Let r(n) = n**3 + 2*n**2 - 7*n + 2. Let y be r(i). What are the prime factors of 11 - y*(-1 + 3) - 1?
2, 7
Let k = 10657 - -5843. List the prime factors of k.
2, 3, 5, 11
Let m be (-194)/(-38) + 4/(-38). Suppose 1068 = -u + m*u. What are the prime factors of u?
3, 89
List the prime factors of (0 - -17 - 13)/(2/1312).
2, 41
Let k(c) = c**2 - 16*c + 33. Let p be k(15). Suppose -20*f + 244 = -p*f. Suppose -2*x + 2*w = -f, 0*w - 2*w + 305 = 5*x. What are the prime factors of x?
61
Suppose -2*q = -3*r + 8646, 19*q + 11568 = 4*r + 23*q. List the prime factors of r.
2, 3, 13, 37
Let b be (-11 - -8)*6470/(-6). What are the prime factors of 72/(-90)*b/(-2) - 4?
2, 3, 5, 43
List the prime factors of (-3141)/(-12)*(-87200)/(-600).
109, 349
Let w(a) = 131 + 6 - 321*a + 563*a - 303*a. List the prime factors of w(-7).
2, 3, 47
Let c(z) = -3*z - 5. Let v be c(-4). Suppose v*m - 2913 + 183 = 0. List the prime factors of m.
2, 3, 5, 13
Suppose -3*n + 3*p - 68 = -4*n, -3*p - 216 = -3*n. Let h = n - 67. Suppose -h*a + 252 + 80 = 0. What are the prime factors of a?
83
Suppose -4*v + 14 - 2 = 0, 0 = -5*f - 4*v + 107. Let a(k) = 13*k - 33. Let q be a(8). Let c = q - f. What are the prime factors of c?
2, 13
Let f be (0 - 0)/(22/22). Suppose -2*d - 4*q + 92 = 0, -3*d + 6*d + 4*q - 146 = f. List the prime factors of d.
2, 3
Suppose 2*a = 211 + 327. Let k = a + -2. Let h = k - 143. List the prime factors of h.
2, 31
Suppose -31 = 3*r - 4*r. List the prime factors of 2/r + 95960/248.
3, 43
Let r = 39 - 36. Suppose q = -3*p - 40, -5*q - r*p - 239 = -p. Let t = 32 - q. What are the prime factors of t?
3
Suppose 859*r = 868*r - 27. Suppose -b - 4*j - 26 = -1742, 0 = 3*b - r*j - 5073. List the prime factors of b.
2, 53
Let y(k) = 0 + 131*k + 79 - 120*k + 3*k**2 - 18. List the prime factors of y(-11).
3, 101
Let o(g) = g - 15*g + 66 - 2 - g. What are the prime factors of o(-6)?
2, 7, 11
Let d = 1537 - 514. Let j = d - 529. List the prime factors of j.
2, 13, 19
Suppose -10 = 14*i - 19*i, -2*g - 2*i = -8004. Suppose 0 = 5*m + 3*r - g, 3*r + 202 - 990 = -m. List the prime factors of m.
11, 73
Let r(x) = -x**2 - 10*x + 5. Let q be r(-9). Suppose -5*h - 156 = -2*m - 31, 199 = 3*m + 4*h. Let c = q + m. What are the prime factors of c?
79
Suppose -4*z + x = -130073, -z + 2891 + 29547 = -27*x. List the prime factors of z.
31, 1049
Let f(c) = -c**2 + 323*c - 2785. What are the prime factors of f(149)?
73, 317
Suppose -16 = 4*q, 3*i - 8*i = -2*q - 58. Let p be 25/i*12/10. Suppose -6*n = -p*n - 72. What are the prime factors of n?
2, 3
Let b = 25727 + -4659. List the prime factors of b.
2, 23, 229
Let n be 5925 + (2 - (6 - -1)). Let c be 3/2*n/60. Let b = -90 + c. List the prime factors of b.
2, 29
Let a = -100532 - -168617. List the prime factors of a.
3, 5, 17, 89
List the prime factors of 2892/(-15)*(40 + -160).
2, 3, 241
Let x = -173 - -197. Suppose -11*k + 614 = -x. List the prime factors of k.
2, 29
Let v = 752 + -746. Suppose 0 = 7*g - v*g - 1600. What are the prime factors of g?
2, 5
Suppose 195*h - 21*h = 1754964. What are the prime factors of h?
2, 3, 41
Suppose 0 = -w - 5*v + 10545, 5*v = 3*w + 4*v - 31555. What are the prime factors of w/(-24)*(-6)/10?
263
Suppose -10*l - 16*l = 27*l - 291924. List the prime factors of l.
2, 3, 17
Let x = 8397 - 1052. List the prime factors of x.
5, 13, 113
Suppose 86*m - 91*m = -32540. What are the prime factors of m?
2, 1627
What are the prime factors of 85890/6 - (-12 + 27)?
2, 5, 11, 13
Suppose 43*d - 663929 = -205979. What are the prime factors of d?
2, 3, 5, 71
Let x(a) = -a + 27. Suppose 35 = -2*z + 181. Suppose -25 + z = 6*l. What are the prime factors of x(l)?
19
Let d = 2793 + -2418. List the prime factors of d.
3, 5
Let b(w) = w**3 + 8*w**2 + 15*w + 4. Let v be b(-5). List the prime factors of (-1193)/(-4) - (-3)/v.
13, 23
Let n = 404 - 407. Let c(r) be the second derivative of r**4 + r**3/6 + r. What are the prime factors of c(n)?
3, 5, 7
Let f(a) = a + 11. Suppose 125 = 3*z + 2*z. Let h = z + -20. What are the prime factors of f(h)?
2
Let t(p) = p**3 - 16*p**2 + 28*p + 4. Let h be t(14). Let a be 1/(h/(-612)*-3). Let j = a - -4. What are the prime factors of j?
5, 11
Let z be 20/(((-6)/11)/(-3)). Let a(n) = -3*n + 77. Let j be a(24). Suppose -j*m = -6*m + z. List the prime factors of m.
2, 5, 11
Let l be (-1*4/1)/(19/(-1596)). Suppose 0 = 3*v - 3*y - l, v - y = -2*y + 116. List the prime factors of v.
2, 3, 19
Let m(r) = 4*r**2 + 0*r**2 + 3 + 6*r - 3*r**2 + 0*r**2. Let l be m(-6). Suppose 0*x + 3*u - 36 = -3*x, 3*u + 36 = l*x. What are the prime factors of x?
2, 3
Suppose 0 = -4*g - v + 27162, -47539 = -7*g - 0*g + v. List the prime factors of g.
6791
Suppose -u - 5*k + 593 = 0, u + 240 = -2*k + 827. Suppose u = 2*m + 209. What are the prime factors of m?
11, 17
Let g(s) = -s**3 - 11*s**2 - 2*s + 5. Let b be g(-10). Let z = 60 + b. Let f(a) = -9*a - 64. What are the prime factors of f(z)?
71
Suppose 8288742 = 52*o + 191*o - 2085900. List the prime factors of o.
2, 21347
Let r = -2866 - -9822. What are the prime factors of r?
2, 37, 47
Suppose f - 7*i = -2*i - 3, 0 = 3*f - 5*i - 11. Let m be (10 - -1)/(f/(-203)*-1). Suppose -12*q = -m - 605. List the prime factors of q.
7, 11
Suppose 0 = -99*w + 97*w - 2550. Let b = w - -2208. List the prime factors of b.
3, 311
Let z = 46507 + -18531. List the prime factors of z.
2, 13, 269
Suppose 21*p = 15*p + 17700. List the prime factors of p.
2, 5, 59
Suppose -12 = -0